 - r - 78 = -4*z. List the prime factors of 4 + z - 4/(-2).
2, 11
Let a = 219 + -153. List the prime factors of a.
2, 3, 11
Let b(t) = 16*t - 43. What are the prime factors of b(12)?
149
Let x be (-4 + 52)/(2 + -1). Let h = -33 + x. What are the prime factors of h?
3, 5
Let x(q) = 8*q**3 - 3*q**2 + q + 4. What are the prime factors of x(2)?
2, 29
Let t(k) = 2*k - 10. Let a be t(9). What are the prime factors of (-3)/((-17)/a - -2)?
2, 3
Suppose 0 = 5*w - 0*y - 2*y - 22, -3*w - 5*y + 7 = 0. Suppose c + w*j = -7, -5*c - 5*j + 2*j - 18 = 0. Let p = 1 - c. List the prime factors of p.
2
Suppose -4*u + 24 + 36 = 4*o, -5*o = 0. Suppose 2*p - 56 - u = -3*j, 4*p + 89 = 5*j. List the prime factors of j.
3, 7
Suppose -3*i - 9 = 5*d, 5*i - d = -10 - 5. What are the prime factors of (-89)/i + (-2)/(-6)?
2, 3, 5
Let h = -14 + 18. What are the prime factors of h?
2
Suppose 2*x = -t + 5, 13 = 2*x + 5*t + 4. Suppose 0 = 3*o - 2*o - x. List the prime factors of 5 + (o - 3) + 0.
2
Suppose 5*g - 263 = -28. What are the prime factors of g?
47
Let t(r) = -4 - 5 + 0 + 10*r + 0 - r**2. What are the prime factors of t(7)?
2, 3
Let k be (-28)/(-10)*(-5)/(-2). Suppose 4*d = k*d - 39. What are the prime factors of d?
13
Suppose -95 = -v - 4*v. Suppose -v = -3*q - 7. List the prime factors of q.
2
Let q(p) be the third derivative of p**4/24 - p**3/3 + p**2. List the prime factors of q(5).
3
Let s = -10 - -37. Suppose 0 = -2*a + s + 17. What are the prime factors of a?
2, 11
Let p = 4 + -2. Let f be ((-2)/p)/(2/14). Let h(l) = -l**2 - 9*l - 9. What are the prime factors of h(f)?
5
Let h be 1 - 4/(-4) - 3. Let v = 33 + h. List the prime factors of v.
2
Let z(v) = 3*v**2 + 2. Suppose 0 = 2*j + 3*j - 15. Suppose -4 = j*o - o. List the prime factors of z(o).
2, 7
Suppose 0*c + 3*q = 4*c + 4, -2*q = -3*c - 2. Let i(j) = 5*j - 3 - j + 0*j. What are the prime factors of i(c)?
5
Suppose -6 = -5*x + 9. Suppose -w + 0*k = x*k - 29, -5*w + 4*k + 69 = 0. What are the prime factors of w?
17
Let b be 2/1 + 5*-1. Let w(h) = -4*h - 3. Let x(y) = -y - 1. Let s(d) = w(d) - 2*x(d). List the prime factors of s(b).
5
Let p be 0 + 3*(-8)/3. Let r = -6 - p. What are the prime factors of r?
2
Suppose 120 - 1200 = -9*y. What are the prime factors of y?
2, 3, 5
Let c(r) be the first derivative of r**2/2 - 2*r + 1. Let o be c(4). Let d(t) = t**3 - 2*t**2 + t. What are the prime factors of d(o)?
2
Suppose -2*c + 3*c = -84. List the prime factors of (c/9)/((-2)/3).
2, 7
Suppose 4*l - 564 = 252. List the prime factors of l.
2, 3, 17
Suppose -4*y - 2*z + 7*z = -11, 2*z = -3*y + 37. List the prime factors of y.
3
Let t(m) = 3*m - 1 - 2*m - 3. Let p be t(9). Suppose -2*l + p + 11 = 0. List the prime factors of l.
2
Let a be (159/6)/((-1)/(-2)). Suppose 0 = 2*z + 4*m - 2, -5*z + 0*m = -2*m - a. List the prime factors of z.
3
Let i(l) = -3*l + 8. Let s be i(8). Let y be 6/27 + s/(-9). What are the prime factors of 3 + -3 + 1*y?
2
Let c = 8 + -8. Suppose 2*z = -c*z + 32. What are the prime factors of z?
2
Let u(s) = 231*s - 88. Let g(v) = 8*v - 3. Let p(k) = 88*g(k) - 3*u(k). List the prime factors of p(1).
11
Suppose 0*a - 114 = -2*l - 2*a, 4*l + 3*a = 229. List the prime factors of l.
2, 29
Suppose -p - 4*p + 65 = -5*b, 5*p + 19 = -2*b. Let v be (5 + -1)/(6/b). What are the prime factors of 3/(v/(-2) + -3)?
3
Let f be (-2)/5 - 69/15. Let j(w) = w**3 + 4*w**2 - 6*w. Let q be j(f). Suppose -2*m = 5*v - 59, 21 = v - 0*m + q*m. List the prime factors of v.
11
Let i = 3 + 1. List the prime factors of (0/i + -9)*-1.
3
Let o be (-9)/12*2*-6. Let q = o - -11. What are the prime factors of q?
2, 5
List the prime factors of (10/4)/(33/1650).
5
Suppose 12 = -5*v - 23. Let w = v + 7. Suppose 4*u = 3*o + 45, -3*u - 3*o + 8*o + 31 = w. List the prime factors of u.
2, 3
Let i = 25 - -2. List the prime factors of i.
3
Suppose -2*u - 66 = -2*d - d, 0 = -d + 2*u + 18. Suppose 2*o + 4*b = b + d, 2*o + 5*b - 28 = 0. List the prime factors of o.
3
Let g(c) = c**3 + 6*c**2 - 6*c - 8. Let x be g(-7). Let t = -9 - x. List the prime factors of t.
2, 3
Let g = -26 + 86. List the prime factors of g.
2, 3, 5
List the prime factors of 855/(-25)*1*20/(-4).
3, 19
Let u(z) = z**3 + 2*z**2 - z. Let c be u(-2). Suppose 55 = c*i - 7*i. Let v = -4 - i. What are the prime factors of v?
7
Let y be 5 - ((-2)/1 + 3). Suppose 38 = y*i + r, 25 = 3*i - 0*r - r. List the prime factors of i.
3
What are the prime factors of ((-22)/(-6))/((-12)/(-36))?
11
Let x(l) = -l**2 + 1. Suppose 3*k + 3*o + 0*o = -12, -4*k - 5*o = 21. Let q be x(k). Let n(m) = -m**2 + m + 11. What are the prime factors of n(q)?
11
Let h be (0 + -3)*(-10)/(-6). Let r = h + 11. Suppose 0 = -4*v + 8, -s = -r*s - v + 62. List the prime factors of s.
2, 3
Suppose -28 = -2*o + 5*x, -3*o = -o + 3*x - 12. Let n = 26 - 17. Let b = o + n. What are the prime factors of b?
2, 3
Suppose k - 5*h - 57 = 0, -5*h = -2*k - k + 201. What are the prime factors of k?
2, 3
What are the prime factors of ((-7)/(-2))/((-5)/(-30))?
3, 7
Suppose 0*n = 4*n + 4*o, n + 4*o + 15 = 0. Suppose -36 = -n*i + 19. What are the prime factors of i?
11
Suppose 2*l - 7 = -1. Suppose -d - l*u = -12, 5*u - 7 = -17. List the prime factors of d.
2, 3
Let l(m) = m**3 - 7*m**2 - 9*m + 8. Let i be l(8). Let w be (-1)/(1 - i) - -3. List the prime factors of (w + -3)*-17*1.
17
Let d(b) = b**3 - 7*b**2 + 8*b + 8. List the prime factors of d(7).
2
Let u(t) = 5*t**2 + t - 4. Let d be u(3). Let s be 14*2/(-8)*-2. Suppose -4*n + d = -m, s*m - 4*m = 2*n - 32. What are the prime factors of n?
2, 5
Let g be 18/4 - 3/6. Suppose 0 = -4*q - 2*m + 24 + 8, -3*m - 42 = -g*q. What are the prime factors of (-1)/((-3)/q) - -2?
5
Let u = 26 - 9. Suppose -v + u = -0*v. Suppose -o = -i + 17, -4*i + 52 = -5*o - v. What are the prime factors of i?
2
What are the prime factors of ((-39)/2)/(5 + 91/(-18))?
3, 13
Let k(c) be the first derivative of -c**2/2 + 3*c - 4. Let t be k(-8). Let q = t - 4. List the prime factors of q.
7
Let a = 9 - 19. What are the prime factors of (a/(-3))/(4/6)?
5
Let g(d) be the first derivative of -d**4/4 + d**3/6 + d**2 - 1. Let o(v) be the second derivative of g(v). What are the prime factors of o(-1)?
7
List the prime factors of 12/(-20) + (-654)/(-15).
43
Let p(i) = -7*i**2 + 3*i - 2. Let d be 65/(-15) - 4/6. Let a(l) = 11*l**2 - 4*l + 3. Let b(n) = d*a(n) - 8*p(n). What are the prime factors of b(5)?
2, 3
Let b = 29 + -15. List the prime factors of b.
2, 7
Suppose -11*a + 6*a - 25 = 0. Suppose 17 - 44 = -3*j. Let d = a + j. What are the prime factors of d?
2
Let x be 2/(-6) - (-642)/9. Let d = -50 + x. Suppose -a - d = -4*a. List the prime factors of a.
7
Let g = -1 + 4. Suppose 0*k + k + g = 0. What are the prime factors of k/2*-6*1?
3
Suppose -6*u = -2*u - 44. Suppose -5*j + 34 = 5*g - u, 11 = 4*j - g. Suppose 0*n - 24 = -j*m - 2*n, 24 = 2*m - 2*n. List the prime factors of m.
2
Let t(x) = x**2. Let p be t(2). Let h = 7 - p. Suppose -2*f - h*f + 10 = 0. What are the prime factors of f?
2
What are the prime factors of 1148/6 - 3 - 2/6?
2, 47
Let r(a) = -a**3 + 5*a**2 - 4*a + 1. Let o be r(3). Suppose -107 + o = -4*q. List the prime factors of q.
5
Suppose -11*o + 9*o + 116 = 0. List the prime factors of o.
2, 29
Let k(b) be the first derivative of b**2 + 4*b + 7. List the prime factors of k(0).
2
Suppose 4*n + 5*g + 4 = 0, 6*n = 4*n - 2*g. Suppose -b - t + n = -6, 0 = -3*b + 2*t + 50. What are the prime factors of b?
2, 7
Let b = 12 + 65. List the prime factors of b.
7, 11
Let r(s) = 0 + 26*s - 3 + 3. List the prime factors of r(1).
2, 13
Let l = 34 + -11. What are the prime factors of l?
23
Suppose o + 0*o = 31. Let n = o + -14. Let b = 26 - n. List the prime factors of b.
3
Let a = -77 - -199. List the prime factors of a.
2, 61
Suppose 3*o = 6, 2*u = 5*u - 3*o - 546. What are the prime factors of u?
2, 23
Suppose 0*s - 4*s = -264. List the prime factors of s.
2, 3, 11
Suppose -8*r + 4*r + 72 = 0. What are the prime factors of r/8 - (-6)/(-24)?
2
Let f = -12 + 14. What are the prime factors of f?
2
Suppose 37 = 5*i - 28. Suppose -9 = -2*q + i. List the prime factors of q.
11
Suppose 0 = -17*m + 8*m + 2295. List the prime factors of m.
3, 5, 17
Let c = -1 - 3. What are the prime factors of c/(-6) - 30/(-9)?
2
Let